r?
False
Is 618509 composite?
False
Is 251929 a composite number?
True
Is 33149 a composite number?
False
Is 222993202 a prime number?
False
Is 29659897 composite?
False
Is 4242991 prime?
True
Is 29879273 composite?
False
Is 48969619 a prime number?
True
Is 2956237 a composite number?
False
Is 576711931 prime?
True
Is 4706187 prime?
False
Is 159517999 a prime number?
True
Is 3368197 composite?
True
Is 3579217 a prime number?
False
Is 201526637 composite?
True
Is 1487209 prime?
False
Is 284777 a composite number?
False
Is 619363 prime?
True
Is 60823129 a prime number?
True
Is 31315069 prime?
True
Is 1143887 prime?
True
Is 295173209 a composite number?
False
Is 9428671 a composite number?
True
Is 52476395 prime?
False
Is 17652871 prime?
False
Is 43992187 a prime number?
True
Is 34530103 a composite number?
False
Is 5195327 prime?
True
Is 429869 composite?
True
Is 22032118 a prime number?
False
Is 337921561 a prime number?
False
Is 28432707 a prime number?
False
Is 47056771 prime?
True
Is 15942281 a composite number?
False
Is 29147101 composite?
False
Is 139767821 prime?
True
Is 266977901 prime?
True
Is 26429023 composite?
True
Is 61658158 a prime number?
False
Is 208157 a prime number?
False
Is 13244065 a composite number?
True
Is 102688049 a composite number?
False
Is 6138701 a composite number?
True
Is 13474463 a composite number?
False
Is 155448373 prime?
False
Is 10980607 prime?
False
Is 6187147 a prime number?
True
Is 1279541 prime?
True
Is 1273141 a prime number?
False
Is 9140791 composite?
True
Is 221426389 prime?
False
Is 6310819 a composite number?
False
Is 36160079 a composite number?
True
Is 13277101 composite?
False
Is 19283059 composite?
False
Is 39715489 prime?
False
Is 1466767 a composite number?
False
Is 3265459 prime?
True
Is 56579311 composite?
False
Is 249732421 prime?
True
Is 6607457 composite?
True
Is 2014155713 a composite number?
False
Is 1502693 a prime number?
False
Is 11398027 prime?
True
Is 2794985 prime?
False
Is 402307519 a composite number?
False
Is 935521 a composite number?
True
Is 62442841 a composite number?
False
Is 3459355 a composite number?
True
Is 157581967 composite?
False
Is 12022189 a prime number?
False
Is 2595693 a prime number?
False
Is 132711823 composite?
False
Is 29431873 a composite number?
False
Is 205081 a prime number?
True
Is 7209857 composite?
True
Is 37187443 a prime number?
True
Is 405463 a prime number?
False
Is 6984409 composite?
False
Is 1500900187 a composite number?
True
Is 846191 a composite number?
True
Is 35654305 prime?
False
Is 1383413 a composite number?
True
Is 5433427 prime?
True
Is 68688533 prime?
True
Is 3944173 prime?
True
Is 121265803 composite?
False
Is 73139303 a composite number?
True
Is 679111 a prime number?
True
Is 74411219 composite?
True
Is 935215 composite?
True
Is 15131687 composite?
False
Is 5019331 composite?
False
Is 946801 a composite number?
False
Is 6651647 prime?
True
Is 238255027 a composite number?
True
Is 31043713 prime?
False
Is 911341 prime?
True
Is 147864473 a composite number?
False
Is 2487319 a composite number?
False
Is 23451433 a prime number?
True
Is 908771 composite?
False
Is 74674499 a prime number?
False
Is 7009927 composite?
True
Is 44841353 a prime number?
False
Is 280463489 a prime number?
False
Is 7780537 a prime number?
True
Is 17459987 a prime number?
True
Is 39700993 prime?
True
Is 15597298 a composite number?
True
Is 991127 prime?
True
Is 67059259 prime?
True
Is 7693177 prime?
False
Is 71159747 composite?
False
Is 18616943 a prime number?
True
Is 162938639 a prime number?
False
Is 465747287 a composite number?
False
Is 29306363 prime?
False
Is 2411679 prime?
False
Is 17633959 composite?
True
Is 82876957 composite?
True
Is 5409397 a composite number?
True
Is 3003521 prime?
False
Is 54669829 composite?
False
Is 23996737 prime?
True
Is 4451831 composite?
True
Is 42839581 a prime number?
False
Is 324943 a prime number?
False
Is 5867293 a prime number?
True
Is 5895853 a composite number?
False
Is 44333371 a prime number?
False
Is 2611571 a prime number?
False
Is 667669 composite?
True
Is 190550227 prime?
False
Is 95909593 a prime number?
False
Is 15153995 prime?
False
Is 2369347 a prime number?
True
Is 3422027 prime?
False
Is 15856201 a prime number?
True
Is 48443827 composite?
True
Is 22944893 a composite number?
True
Is 21059347 composite?
False
Is 156310993 composite?
False
Is 10228121 prime?
True
Is 1601393 a composite number?
True
Is 209990873 a prime number?
False
Is 21831769 a prime number?
True
Is 265835113 a prime number?
False
Is 900061 a prime number?
True
Is 41686549 a composite number?
False
Is 156684309 a prime number?
False
Is 120860765 composite?
True
Is 247979569 a prime number?
True
Is 94459577 composite?
True
Is 707899 prime?
False
Is 205638269 prime?
True
Is 72969719 composite?
False
Is 264477469 composite?
True
Is 184133 prime?
True
Is 1371383 a composite number?
True
Is 57471787 a prime number?
True
Is 97727459 composite?
True
Is 2825891 composite?
False
Is 58967837 prime?
False
Is 1460105 a prime number?
False
Is 10916989 prime?
False
Is 5012347 a composite number?
False
Is 126573569 a composite number?
False
Is 1791161 composite?
False
Is 9258059 a prime number?
False
Is 7938253 prime?
False
Is 422758283 a composite number?
False
Is 13856081 composite?
True
Is 236181233 a prime number?
True
Is 91359095 composite?
True
Is 1696633 a composite number?
True
Is 6708491 composite?
True
Is 1104997 prime?
False
Is 199321 prime?
True
Is 6359383 prime?
True
Is 27321629 composite?
False
Is 366670529 prime?
True
Is 29560079 a composite number?
True
Is 775057 composite?
False
Is 690374521 a prime number?
False
Is 4049345 a composite number?
True
Is 303558473 a prime number?
False
Is 62710619 prime?
True
Is 37519717 prime?
True
Is 2973833 composite?
False
Is 606493 a composite number?
False
Is 41401567 a composite number?
True
Is 9492299 a composite number?
True
Is 132765043 prime?
False
Is 204056509 prime?
True
Is 18702373 composite?
False
Is 1196177 composite?
False
Is 88150295 prime?
False
Is 936619 prime?
True
Is 909971 prime?
True
Is 6972359 prime?
True
Is 407243 prime?
False
Is 69610117 composite?
False
Is 4157467 composite?
True
Is 784847 a prime number?
False
Is 329488021 a composite number?
True
Is 6068651 composite?
False
Is 681221 a prime number?
True
Is 333431801 a composite number?
True
Is 311646481 prime?
False
Is 13940767 a prime number?
False
Is 3805727 a prime number?
False
Is 64673039 composite?
False
Is 6861709 a prime number?
True
Is 10312177 a prime number?
True
Is 32092085 prime?
False
Is 233152009 a composite number?
False
Is 342087173 composite?
True
Is 173730253 a composite number?
True
Is 3231187 a prime number?
True
Is 88623869 a composite number?
False
Is 4171117 composite?
False
Is 1348579 prime?
False
Is 25856141 a composite number?
True
Is 4192583 composite?
True
Is 9654473 a prime number?
True
Is 1803947 a prime number?
True
Is 472259531 a composite number?
False
Is 392545 prime?
False
Is 7150307 prime?
False
Is 274807 composite?
True
Is 233865503 composite?
False
Is 576871 composite?
True
Is 29118829 composite?
False
Is 166598 composite?
True
Is 88057 composite?
True
Is 8862809 composite?
False
Is 95976947 a prime number?
False
Is 503846822 a composite number?
True
Is 10056473 a composite number?
True
Is 8326621 a prime number?
False
Is 1435379 prime?
False
Is 6743563 a prime number?
True
Is 17718823 a prime number?
True
Is 351457 composite?
False
Is 9176997 composite?
True
Is 112043 prime?
False
Is 97433971 composite?
False
Is 2990803 a prime number?
False
Is 1896266 composite?
True
Is 28334407 composite?
False
Is 4706495 composite?
True
Is 72673937 a composite number?
True
Is 95803 a prime number?
True
Is 20284529 a prime number?
True
Is 2101931033 a composite number?
False
Is 261527149 composite?
True
Is 4249391 composite?
False
Is 499845659 composite?
False
Is 232915087 prime?
True
Is 65355739 composite?
False
Is 21042689 a prime number?
True
Is 1558061 a composite number?
False
Is 8454847 a composite number?
True
Is 6506939 a composite number?
False
Is 155171 a composite number?
False
Is 38803451 composite?
False
Is 8441651 a prime number?
True
Is 302650801 composite?
False
Is 1154119 a c